g**2 - 5*g. Let q be k(-4). Let i be (q/(-18))/((-1)/(-6)). Suppose 0 = l - 4*t - 89, -472 + 92 = -i*l + 4*t. Is l a composite number?
False
Suppose -4*z + 5 = 13. Let c(u) = 17*u**2 - 1. Is c(z) composite?
False
Let b(g) = -3*g. Let r be b(2). Is 58 - (-1)/2*r prime?
False
Let c(m) = m**2 + 4. Let l be c(0). Suppose -l*n = -5*n + 5. Suppose -n*t = -s - 4 - 4, 0 = -5*s + 2*t + 29. Is s prime?
True
Suppose 5*t + 16 - 119 = 3*x, 42 = 2*t - 2*x. Let o be (-6)/(-9) - 3992/12. Is (-4)/t - o/10 a prime number?
False
Suppose 2590 = -7*n + 17*n. Is n a prime number?
False
Suppose -3*r - 5*l + 16 = 0, r + r - 4*l = -4. Suppose -r*j = z + 3*z - 62, -5*z + 96 = 3*j. Is j composite?
False
Let l be 6 + -3 + -4 + 4. Suppose 0 = 2*p + 4*q - 406, -410 = p - l*p - 3*q. Is p a prime number?
True
Let t = 475 - 44. Is t a composite number?
False
Let w(u) = -u**3 + 2*u**2 - u - 1. Let q be w(-2). Let p(d) = d**3 + 4*d**2 - 2*d - 6. Let c be p(-4). Suppose c*s - q = 21. Is s a prime number?
True
Suppose -5*b + 1110 = 5*n, -b - 2*n = -3*b + 424. Is (b/(-28))/(2/(-8)) composite?
False
Let t be -138 - -4 - (-6)/3. Let p = 218 + t. Is p prime?
False
Is (-4 - (-2412)/16)/(1/4) a composite number?
False
Let s(t) = 5*t - 6. Let g be s(-5). Let b = g - -74. Is b prime?
True
Let a(j) = -j - 4. Let n be a(-5). Let q be (-2)/n*3/(-3). Suppose q*r - 57 = -r. Is r prime?
True
Suppose -13*h + 8*h = -1345. Is h a composite number?
False
Let h(z) = 3*z - 6. Let w(k) = 2*k**2 + 5*k + 4. Let v be 1 - 2*(0 + 2). Let y be w(v). Is h(y) a prime number?
False
Suppose 1955 + 485 = -5*s. Let b = s + 1041. Is b composite?
True
Let c(y) = -6*y + 1. Let a = -24 + 42. Suppose 2*n - 5*n = a. Is c(n) composite?
False
Let w(j) = j**3 - 9*j**2 - j + 9. Let f be w(9). Suppose -v - 2*v + 159 = f. Is v composite?
False
Suppose 2*t + 1 = -5*v, t + 3*v = -0*v - 1. Suppose t*a - y = 1179, -2328 = -4*a - 0*a - 4*y. Is a composite?
False
Let a(n) = 7*n**2 - n + 17. Is a(8) composite?
False
Suppose x - 196 - 235 = 0. Is x a composite number?
False
Suppose 0 = -0*y - 3*y + 6. Suppose -390 = -4*d - o + 114, 3*o - 242 = -y*d. Is d prime?
True
Suppose -3*n - 60 = -5*y, -10 - 19 = -y + 4*n. Suppose 0 = 4*q - y*q + 255. Is q a composite number?
True
Let c(m) = 3*m - 7. Let s be c(6). Let b be (-2)/8 + 1/4. Suppose s = 4*g + y - 129, b = -g - 4*y + 50. Is g composite?
True
Suppose 0*z = 3*z + 4*h + 6, 3*h - 27 = 3*z. Let y be (2 - (-2)/z)*3. Is (-526)/(-10) + 2/y a prime number?
True
Let l(a) = 12*a + 4. Suppose 3*w - 3 = 3*b, -3*w - 8 = -2*w - 4*b. Let p be l(w). Let c = p - 37. Is c composite?
True
Suppose 8*s - 12*s = -12. Suppose -r + 2*m + 561 = 0, 3*r - s*m - 270 = 1407. Is r a prime number?
True
Let z = -81 + 116. Suppose 5*l = -5*c + z, -3*c - 4*l + 3*l = -15. Suppose 0 = -c*d + 2*n + 92, d - 46 = -d + 2*n. Is d a prime number?
True
Let w(t) = 21*t**2 - 10*t + 2. Is w(13) prime?
False
Let i = 52 + -21. Is i composite?
False
Let r(m) = -23*m - 4. Let j(o) = o**3 + 4*o**2 + 4*o. Let g be j(-3). Is r(g) prime?
False
Suppose -3486 = 8*y - 12878. Is y prime?
False
Let c be ((-4)/6)/(2/(-669)). Suppose 4*j + 3*g - c = -0*j, -3*j - 5*g = -159. Is j a composite number?
True
Let h(t) = 3*t**2 + 6*t. Let w be h(5). Suppose w = r + 4*r. Is r a prime number?
False
Suppose -2*u = 3*u - 345. Suppose -1 - u = -2*n. Is n a composite number?
True
Suppose 4*l + 4*k - 2664 = 0, 2*l = -k - 608 + 1945. Is l composite?
True
Let k be (-60)/(-18)*(-6)/(-5). Suppose -116 = -3*y - 5*m, -y + 25 = -k*m - 8. Is y a prime number?
True
Let w = -4 + 0. Is 304/w*15/(-12) a composite number?
True
Let b = 72 + -51. Let c = b - -13. Is c a prime number?
False
Let f = 15 - 10. Is 103/f - 4/(-10) prime?
False
Let g(o) = o**3 - o**2 + o + 2. Let w be g(0). Suppose -w*h + 4*h = 422. Is h a composite number?
False
Let x(i) = -467*i**3 - i**2 - 2*i - 1. Is x(-1) a composite number?
False
Let x(a) = 12*a**2 + a - 44. Is x(-17) composite?
False
Suppose 2*x + 2*x = -20, -3*c + 655 = -2*x. Let u = 536 - c. Is u prime?
False
Let u = 1 - -1. Suppose 4*w + 15 = -5*s, -5*s - 6 - 9 = -u*w. Is (-2)/(18/69)*s composite?
False
Suppose -2*y = -5*v - 5206, 0 = 8*y - 9*y + 2*v + 2603. Is y prime?
False
Let f = -2 - -4. Suppose k - 24 = -f*k. Suppose 4*m - 2*u + 0*u = 216, 0 = -4*u - k. Is m composite?
False
Let p be 14/2 + 1/1. Is (-2)/(-8) + 726/p composite?
True
Is 12 + 1698 + 1/((-2)/(-2)) prime?
False
Let s(l) = 3*l + 1. Let p be s(1). Let b(d) = d**3 - d**2 - d + 29. Let i be b(0). Suppose -5*c + 32 = m, 2*m - i = -p*c + 41. Is m a prime number?
True
Suppose b - 3 = 2*b. Let a = 5 + b. Suppose -5*w = -2 + 12, a*l - 32 = 5*w. Is l a prime number?
True
Let t = -8 - -11. Suppose 51 + 78 = t*c. Suppose -c + 4 = -g. Is g a prime number?
False
Suppose z = -i + 7, -2*i + 2*z - 4 = -2. Suppose -239 = -3*w - 0*d + d, -i*w + 243 = -3*d. Is w composite?
False
Let v(h) = h**3 + 14*h**2 + 8*h - 13. Let q be v(-9). Suppose -326 = -2*m + q. Is m prime?
False
Suppose 0 = 2*g - 5*g + 5*z + 320, g - 135 = -4*z. Is g composite?
True
Let p(v) = -v**3 - 6*v**2 - 9*v - 7. Let u be ((-2)/4)/(1/2). Let y = -5 + u. Is p(y) a composite number?
False
Let d(y) be the third derivative of -y**4/24 - y**2. Let m(g) = 3*g - 5. Let j(o) = -2*d(o) - m(o). Is j(-6) a prime number?
True
Let k(b) = b**2 - b. Let g be k(0). Suppose 4*i = -0*i - 2*y + 82, g = 3*i + 3*y - 66. Is i composite?
False
Suppose -2*b + 2 + 4 = -o, -4*b = -o - 14. Suppose 0 = 3*l - b*l + 59. Is l composite?
False
Let g(d) = -3*d - 61. Let p be g(-22). Suppose 2*v = 4 + 6. Suppose v*a = -p*z + 3 + 62, 5*z = 5*a + 45. Is z prime?
True
Suppose 0 = -12*c + 11*c + 3563. Is c prime?
False
Let j(y) = -y**2 - 4*y + 2. Let d be j(-3). Suppose 3*t = -d*f + 5*t + 13, 4*f + 4*t - 16 = 0. Let r(s) = s**3 - 2*s**2 + 3*s - 4. Is r(f) composite?
True
Let h(o) = 86*o**2 + 5*o + 5. Is h(-4) a composite number?
False
Let q(y) = -y**2 - 25*y - 7. Is q(-12) prime?
True
Is (2 + -4)/(2/(-257)*1) a composite number?
False
Let c = 1 + -1. Let f be c/(-2 - -1) + -27. Let j = f + 64. Is j prime?
True
Let x(c) = 25*c - 6. Let k be x(-5). Let s = k - -225. Is s prime?
False
Suppose -480 = -5*q - 2565. Is (2 + -4)/(6/q) a prime number?
True
Suppose 5*p = -2*g + 542, 4*g - p - 1450 = -366. Let z = g + -30. Let f = z - 162. Is f composite?
False
Suppose 156 + 454 = 2*x. Let q = -178 + x. Is q prime?
True
Let s = -1387 + 1998. Is s prime?
False
Let c(t) = 2*t**2 + 6*t + 9. Is c(8) a prime number?
False
Let z be (-32)/(-4)*(0 - -1). Let t be (-14)/(-8) - (-2)/z. Suppose 2*d + t*a - 7*a = 27, d = a + 9. Is d composite?
True
Let g(y) be the first derivative of -y**4/4 - 3*y**3 - y**2/2 - 9*y + 1. Let m be g(-9). Suppose m = -3*r + 4*r - 6. Is r prime?
False
Let f(c) = 3*c**2 - c. Suppose -3*m = m + 8. Let j be f(m). Is 666/10 + j/35 a composite number?
False
Let u = -10 - -6. Let r = u - -17. Is r composite?
False
Let s be -1*(-5 + 2 + -1). Suppose 1216 = 5*g - 4*h, s*g - 298 = h + 666. Let l = -109 + g. Is l a composite number?
False
Is 5/(15/22)*3 prime?
False
Suppose 0*h + 8 = 2*h. Let c = -1 + 1. Suppose -l = -h*k - 17, l = -c*l - k + 12. Is l composite?
False
Let h = -9 - -930. Is h a prime number?
False
Let t(r) = -r + 3. Let k be t(1). Suppose -k*p + 5*q = -738, -4*p = -7*p + 2*q + 1129. Is p a composite number?
False
Suppose -5*i = 3*a - 7, 5*a - 3*i = -4*i + 19. Suppose a*j - 34 = 234. Is j a composite number?
False
Let f be 1/((-9)/(-471))*-3. Let q = 406 - f. Is q a prime number?
True
Suppose -8*o + 40 = -4*o. Is o a composite number?
True
Let h be (-1)/4 - 27/4. Let n(r) = -4*r + 10. Is n(h) a composite number?
True
Suppose 0 = 2*u + u - 1773. Is u a composite number?
True
Suppose -3*u + 2*l = 10, l = 2*u + 4*l - 15. Suppose u = d + 2*d - 222. Is d composite?
True
Suppose -4*v + 16 = m, -3*v + 2*m + 8 = -4. Suppose -j - 4*u = -5*u - 69, 0 = v*j - 2*u - 276. Is j a composite number?
True
Is 2*163*(-6)/(-12) a prime number?
True
Is (-5)/(50/(-6)) - 12260/(-25) a prime number?
True
Let a = -115 + 198. Is a a composite number?
False
Let m(c) = -c - 7. Let z be m(-10). Suppose 0 = z*o - 56 - 181. Is o prime?
True
Let i(f) be the second derivative of -f**4/4 + f**2/2 + f. Let g be i(3). Let z = -12 - g. Is z a prime number?
False
Let a = 17 - 